ase 9) to base 11.
-6
-1c (base 16) to base 8
-34
Convert -41 (base 13) to base 7.
-104
What is 1 (base 2) in base 15?
1
What is 1111 (base 2) in base 5?
30
-12 (base 12) to base 8
-16
-1 (base 13) to base 12
-1
What is -c (base 16) in base 14?
-c
What is -16a (base 12) in base 5?
-1401
Convert 0 (base 15) to base 9.
0
What is 100000 (base 2) in base 8?
40
What is -1 (base 7) in base 6?
-1
What is 10011010 (base 2) in base 11?
130
Convert 2 (base 9) to base 16.
2
What is d3 (base 14) in base 9?
225
Convert -9 (base 14) to base 5.
-14
Convert 3 (base 5) to base 6.
3
Convert -1 (base 9) to base 3.
-1
-1 (base 8) to base 3
-1
-5 (base 8) to base 6
-5
What is 34 (base 6) in base 11?
20
What is -110000011 (base 2) in base 7?
-1062
Convert 74 (base 9) to base 3.
2111
What is 310 (base 6) in base 9?
136
Convert -6 (base 15) to base 14.
-6
-10 (base 5) to base 8
-5
Convert 23 (base 11) to base 6.
41
Convert 109 (base 12) to base 5.
1103
Convert -20 (base 16) to base 13.
-26
What is 455 (base 7) in base 16?
ec
-2c (base 16) to base 5
-134
100 (base 2) to base 7
4
What is -201 (base 5) in base 13?
-3c
What is 11 (base 2) in base 7?
3
Convert 5 (base 10) to base 2.
101
43 (base 6) to base 4
123
What is -a (base 15) in base 14?
-a
17 (base 10) to base 2
10001
Convert 1 (base 12) to base 5.
1
What is 1000011 (base 2) in base 10?
67
Convert 51 (base 12) to base 10.
61
-11 (base 15) to base 11
-15
-6 (base 11) to base 8
-6
What is -35 (base 6) in base 9?
-25
What is -2a (base 11) in base 2?
-100000
What is 11 (base 4) in base 3?
12
Convert 31 (base 4) to base 14.
d
Convert 1 (base 4) to base 7.
1
Convert -11 (base 12) to base 16.
-d
What is -1b (base 16) in base 5?
-102
Convert -160 (base 9) to base 12.
-b3
213 (base 6) to base 14
5b
What is -3 (base 7) in base 9?
-3
Convert 1 (base 10) to base 14.
1
What is -1111 (base 2) in base 11?
-14
Convert -1 (base 7) to base 13.
-1
Convert 162 (base 7) to base 4.
1131
Convert -233 (base 4) to base 2.
-101111
60 (base 7) to base 8
52
-9 (base 10) to base 14
-9
Convert 3 (base 15) to base 14.
3
1 (base 4) to base 9
1
-a (base 16) to base 12
-a
20 (base 4) to base 12
8
-13 (base 4) to base 14
-7
Convert -1222 (base 3) to base 10.
-53
What is 37 (base 12) in base 6?
111
Convert 15 (base 6) to base 13.
b
Convert -b (base 16) to base 13.
-b
2211 (base 3) to base 12
64
Convert -2 (base 14) to base 9.
-2
Convert 1041 (base 6) to base 2.
11110001
Convert -10 (base 5) to base 10.
-5
What is 54 (base 8) in base 6?
112
Convert 1220 (base 4) to base 13.
80
What is -11 (base 3) in base 12?
-4
Convert 8 (base 11) to base 13.
8
31 (base 5) to base 6
24
Convert 6 (base 13) to base 7.
6
0 (base 5) to base 10
0
-2 (base 14) to base 15
-2
What is -110 (base 2) in base 3?
-20
22 (base 3) to base 11
8
2 (base 3) to base 7
2
21 (base 5) to base 2
1011
What is -55 (base 12) in base 8?
-101
What is -110 (base 4) in base 13?
-17
1000 (base 2) to base 5
13
What is 90 (base 16) in base 4?
2100
15 (base 13) to base 6
30
-353 (base 7) to base 9
-225
-e (base 15) to base 2
-1110
Convert 0 (base 9) to base 7.
0
Convert -9 (base 15) to base 7.
-12
Convert 6 (base 16) to base 2.
110
Convert -1 (base 7) to base 10.
-1
Convert 51 (base 8) to base 14.
2d
Convert 3 (base 5) to base 16.
3
-323 (base 7) to base 13
-c8
What is -2 (base 8) in base 7?
-2
Convert 3 (base 14) to base 8.
3
What is 2 (base 15) in base 6?
2
-1 (base 16) to base 5
-1
What is -5 (base 6) in base 2?
-101
Convert -11 (base 12) to base 9.
-14
Convert -110 (base 2) to base 11.
-6
Convert 7a (base 11) to base 14.
63
4 (base 9) to base 10
4
Convert 3 (base 6) to base 14.
3
What is 512 (base 7) in base 9?
312
Convert -1 (base 3) to base 14.
-1
What is -10010100 (base 2) in base 13?
-b5
82 (base 13) to base 4
1222
-11 (base 14) to base 3
-120
0 (base 13) to base 6
0
-8 (base 12) to base 10
-8
Convert -10011 (base 2) to base 10.
-19
Convert 1001 (base 2) to base 14.
9
Convert -215 (base 6) to base 10.
-83
Convert -d (base 15) to base 9.
-14
What is 20 (base 5) in base 2?
1010
78 (base 9) to base 16
47
What is -16 (base 10) in base 5?
-31
What is -101 (base 8) in base 16?
-41
4c (base 15) to base 4
1020
What is 1 (base 16) in base 2?
1
What is b (base 13) in base 12?
b
Convert 28 (base 9) to base 10.
26
What is -1 (base 10) in base 11?
-1
What is -10d (base 15) in base 8?
-356
Convert -1 (base 5) to base 10.
-1
21 (base 4) to base 12
9
What is -15 (base 14) in base 2?
-10011
Convert -153 (base 9) to base 8.
-201
-3 (base 11) to base 6
-3
Convert -2 (base 4) to base 2.
-10
-9 (base 11) to base 15
-9
-15 (base 15) to base 16
-14
-17 (base 16) to base 4
-113
Convert 10 (base 14) to base 6.
22
What is -3 (base 14) in base 2?
-11
Convert 4 (base 16) to base 6.
4
What is 10 (base 6) in base 12?
6
What is -10 (base 7) in base 2?
-111
-266 (base 9) to base 11
-192
-401 (base 6) to base 15
-9a
What is 14c (base 15) in base 12?
209
-45 (base 11) to base 8
-61
Convert 4 (base 8) to base 14.
4
Convert -16 (base 11) to base 3.
-122
Convert 0 (base 15) to base 3.
0
What is -12 (base 10) in base 5?
-22
What is -2a (base 13) in base 10?
-36
-7 (base 14) to base 8
-7
Convert 133 (base 8) to base 15.
61
What is -34 (base 5) in base 11?
-18
-102 (base 3) to base 8
-13
11 (base 5) to base 14
6
-17 (base 15) to base 6
-34
-12 (base 8) to base 3
-101
12012 (base 3) to base 16
8c
What is 2 (base 8) in base 16?
2
-4 (base 10) to base 7
-4
Convert 231 (base 6) to base 9.
111
30 (base 8) to base 12
20
111 (base 2) to base 4
13
-15 (base 15) to base 10
-20
-1112 (base 3) to base 7
-56
Convert -10 (base 2) to base 8.
-2
Convert 30 (base 5) to base 9.
16
-5 (base 13) to base 12
-5
-1010111 (base 2) to base 14
-63
What is b (base 13) in base 2?
1011
Convert 110101 (base 2) to base 12.
45
What is 3 (base 12) in base 9?
3
-9 (base 16) to base 10
-9
Convert 68 (base 9) to base 11.
57
What is 3 (base 12) in base 2?
11
What is 32 (base 14) in base 13?
35
42 (base 11) to base 7
64
Convert -68 (base 14) to base 3.
-10102
1 (base 7) to base 15
1
Convert 1101 (base 2) to base 14.
d
Convert 1 (base 8) to base 4.
1
Convert 48 (base 11) to base 5.
202
Convert 0 (base 7) to base 10.
0
Convert 1302 (base 5) to base 16.
ca
3 (base 15) to base 7
3
-56 (base 8) to base 9
-51
Convert -7 (base 15) to base 4.
-13
What is 8a (base 12) in base 15?
71
Convert -104 (base 5) to base 6.
-45
25 (base 15) to base 9
38
-1 (base 16) to base 14
-1
What is 2 (base 12) in base 13?
2
Convert 5 (base 14) to base 12.
5
What is -2 (base 16) in base 7?
-2
Convert -a (base 16) to base 4.
-22
111 (base 3) to base 7
16
Convert -1 (base 13) to base 14.
-1
-31 (base 15) to base 4
-232
da (base 14) to base 7
363
0 (base 2) to base 9
0
Convert -1 (base 9) to base 10.
-1
Convert -22 (base 6) to base 7.
-20
What is -3 (base 15) in base 8?
-3
-2a (base 12) to base 5
-114
What is 2 (base 12) in base 9?
2
1 (base 6) to base 11
1
-42 (base 8) to base 9
-37
What is -20 (base 3) in base 4?
-12
Convert 143 (base 6) to base 8.
77
-3 (base 14) to base 9
-3
-2e (base 16) to base 3
-1201
Convert -2 (base 11) to base 15.
-2
Convert 22 (base 3) to base 15.
8
-14 (base 7) to base 5
-21
-30 (base 12) to base 6
-100
Convert 4 (base 6) to base 16.
4
What is 9 (base 14) in base 6?
13
74 (base 11) to base 8
121
Convert 3 (base 8) to base 5.
3
Convert 14 (base 5) to base 6.
13
2 (base 6) to base 13
2
55 (base 6) to base 16
23
What is -23 (base 14) in base 6?
-51
130 (base 4) to base 8
34
What is 0 (base 10) in base 15?
0
What is 4 (base 12) in base 6?
4
What is -10110 (base 2) in base 9?
-24
What is 0 (base 13) in base 3?
0
What is 2 (base 5) in base 8?
2
What is 1c (base 14) in base 13?
20
Convert -2 (base 4) to base 14.
-2
-174 (base 8) to base 15
-84
Convert 1432 (base 5) to base 3.
22222
Convert 131 (base 13) to base 5.
1314
What is 10 (base 12) in base 2?
1100
Convert -53 (base 9) to base 16.
-30
What is -3 (base 14) in base 12?
-3
170 (base 9) to base 3
12100
Convert -65 (base 12) to base 5.
-302
Convert -3 (base 14) to base 6.
-3
What is -131 (base 6) in base 4?
-313
-15 (base 15) to base 10
-20
-12 (base 9) to base 2
-1011
353 (base 7) to base 3
20212
6 (base 10) to base 12
6
Convert -3b (base 12) to base 10.
-47
What is -6 (base 11) in base 13?
-6
Convert -1 (base 12) to ba